osite?
False
Let h = -191 + 187. Let x(u) = -559*u - 75. Is x(h) prime?
True
Let c(r) be the first derivative of 82*r**3/3 + 63*r**2/2 + r + 4. Is c(-4) composite?
False
Suppose 2*n + 3*c = 106654, -37*n = -32*n - 2*c - 266635. Is n prime?
True
Is 1*((-374626)/4 - 1)*(-72)/36 a prime number?
False
Suppose -73*b + 11645 = -20256. Suppose 0 = 3*h - 0*h - 3, w - h - 479 = 0. Let r = w + b. Is r a composite number?
True
Suppose -407581 = -2*m + p, -m + 203792 = -29*p + 28*p. Is m a composite number?
False
Suppose 3*a + 180950 = h + h, 0 = -3*h + 5*a + 271427. Is h composite?
False
Is (-14579173)/(-23) + (294/161)/(-21) a prime number?
True
Suppose 5*c - 25 = -0. Suppose -c*u + 6*g - g = 1890, 3*u + 5*g = -1134. Let o = u + 857. Is o a prime number?
True
Let i be (-36)/(-6 + (-11142)/(-1860)). Let n = -2633 + i. Is n a composite number?
False
Suppose 3*f = 3*a - 240 - 24, 438 = 5*a - 3*f. Let d = a + -93. Is 12750/18 + (-4)/d a prime number?
True
Is 17516 - (3 - 4) - 156/(-39) prime?
False
Suppose 24 = 96*a - 94*a. Let g(t) = 9*t - 23. Is g(a) prime?
False
Let a(c) = 1631*c + 1. Let j be a(1). Let f = j + 548. Suppose -1611 = -3*n + 3*x, 0 = 4*n + 5*x - x - f. Is n a composite number?
False
Suppose -10*g + b + 2068921 = -7*g, -5*g + 3448225 = -5*b. Is g a prime number?
False
Suppose -268*r = -211*r - 521493. Is r a prime number?
False
Let q = 1887 + -1039. Suppose -10024 = -8*k - q. Is k a prime number?
False
Suppose -2*h = 2*t - 5*t - 13936, -3*t = h - 6995. Is h composite?
False
Let g(j) = -1520*j - 6. Let h be g(-2). Let x = h + -1691. Suppose -2*n - 2*p = -994, 4*n = -3*p + x + 641. Is n a composite number?
True
Let i = -793725 - -308854. Let b = -177851 - i. Is 14/8 + -2 + b/112 a composite number?
False
Let g(r) = r**2 - r + 1395. Let f be g(0). Let a = 2748 - f. Suppose 3*l + 159 - a = 0. Is l composite?
True
Let i = 152 - 146. Let q(t) = -t**3 + 11*t**2 + 14*t + 5. Is q(i) prime?
True
Let x be (-14)/21*-5*(-7242)/(-4). Suppose -2*m = -10503 - x. Is m composite?
False
Let d(g) = g**3 - 62*g**2 + 62*g - 2253. Is d(88) prime?
False
Let q be -4*((-68517)/(-12) + -3). Let i = q + 39586. Is i a prime number?
True
Let j = -188454 - -737525. Is j a composite number?
False
Let a(x) = -3*x. Let v(m) = 7*m. Let d(t) = 5*a(t) + 2*v(t). Let c be d(-2). Suppose -286 = -4*u + n, -4*u + 290 = -c*n - n. Is u a composite number?
False
Suppose 5*f + 2*f - 7 = 0. Let k be 4 - (f/(-2))/(2/8). Suppose 2*n = k*n - 1972. Is n a prime number?
False
Suppose 60 = -2*x + 14. Let n(v) = 4*v**2 + 38*v + 17. Is n(x) a composite number?
False
Let s = 221467 + -28790. Is s a prime number?
True
Let m = -46 - -47. Let n(x) = -x. Let i(g) = 272*g + 16. Let b(a) = m*i(a) + 3*n(a). Is b(9) a composite number?
False
Suppose 8 = 2*k - 2*b, -3*k + 0*k + 6 = -b. Is (2116/k - 1) + 2 a composite number?
True
Let i(a) be the second derivative of 421*a**3/6 - 89*a**2/2 - 5*a - 5. Is i(6) a composite number?
False
Let f = 48 + -60. Let q be -6*(-2)/(-5)*(-20)/f. Is 6/q*1226/(-6)*2 prime?
True
Suppose 0 = 3*y - 6, -2*z - 4*y = -z - 10716. Suppose z = m + 3*m. Suppose 3*k + 823 = -3*a + m, 5*k - 3106 = -a. Is k composite?
True
Let q(v) = -19 - 11 + 5 + 670*v + 278*v. Is q(12) composite?
False
Let v(d) be the second derivative of 4*d**7/5 + d**5/120 - 11*d**3/6 + 2*d. Let z(y) be the second derivative of v(y). Is z(1) a prime number?
True
Let d(n) = -708*n - 14. Let b be d(-9). Suppose 5*z - 3*l = l + 31757, z - b = 3*l. Is z a prime number?
False
Let a = 184603 + -83112. Suppose -a = -53*y + 40*y. Is y a composite number?
True
Let s be (2 - -1) + 0/(-6). Suppose -a = s*a - 10480. Is (2/(-2))/(2*(-2)/a) a composite number?
True
Suppose -7*f - 151 + 172 = 0. Suppose -f*d + 0*d = v - 40564, 5*v + 27071 = 2*d. Is d prime?
True
Let y(o) = -31131*o - 1230. Is y(-23) a composite number?
True
Let m(l) = 133*l**2 + 13*l + 6. Let p(y) = 132*y**2 + 10*y + 5. Let d(o) = -4*m(o) + 5*p(o). Is d(-7) a composite number?
False
Let g(a) = 4*a + 3407. Let v(m) = 8*m + 6814. Let d(o) = 5*g(o) - 2*v(o). Is d(0) composite?
False
Suppose 5*a - 4*i = -3 + 7, 5*a - i - 16 = 0. Suppose -u - 18 = 2*u + a*r, -5*u + r = 30. Is (2 - u/(-4))/((-9)/(-29826)) a composite number?
False
Let i be 17650/4*(-28)/(-35). Suppose 4*r - 3*b = 14099, b - i = -0*r - r. Let h = r + -1888. Is h prime?
False
Let h = 63 + 35. Is (-7)/h*-28234 - 2/(-7) composite?
False
Let l be (2/(-2) - 4) + 90 + -46. Is 22/(-143) - (-70635)/l prime?
True
Suppose -81*x - 41790 = -83*x. Suppose x - 6653 = 2*i. Is i composite?
False
Let m be (-3 - (-50095)/20)/(5/20). Let h = -2218 + m. Is h composite?
False
Suppose 32*m - 589236 = 25*m - 238753. Is m prime?
True
Is (7 + 2)*199402/126 a prime number?
True
Let c be (-78728)/(-4) + (-2)/2 + 1. Let g = c + -11017. Is g prime?
False
Suppose 0 = 525*w - 43232126 - 277825849. Is w composite?
True
Suppose 5*z = -8 + 338. Suppose 76*l - z*l = 90490. Is l a composite number?
False
Suppose 100 = 4*m + 5*h, 76 = 3*m + m - h. Suppose 18*w + 4854 = m*w. Is w composite?
True
Suppose -11078*o - 5695186 = -11092*o. Is o prime?
False
Let k(y) = 5599*y**3 + 6*y**2 - 13*y + 13. Is k(2) prime?
False
Let q(f) = f**3 + 7*f**2 - 5. Let t be q(-14). Let x = t + 1964. Is x a composite number?
False
Suppose -3*h + 4590150 = 3*j, 0*h - 3*h - 3060115 = -2*j. Is j a composite number?
True
Suppose -3*l = 2*l. Suppose 0 = -n - p + 10 + 17, -2*n = -3*p - 59. Suppose -3*y + b - 2*b + 14 = l, -y + n = 5*b. Is y a composite number?
False
Let d = -12171 - -23480. Is d a prime number?
False
Suppose 2*c + 2 = 3*c. Suppose -n = 3*b - 303, -n = 1 + c. Let s = b + 43. Is s a prime number?
False
Suppose c - 4*c + 10101 = 0. Suppose 0 = -5*p - 20, 2*y - 131 = -2*p + c. Is y a composite number?
False
Is (271760 - 7)/(((-1)/5)/(19/(-95))) a composite number?
False
Let m(f) = 5*f**3 - 3*f**2 - 20*f - 111. Let v be m(18). Suppose -1386*d + v = -1383*d. Is d composite?
False
Let h be 35/10*172/14. Let w(m) = 42*m - 11. Is w(h) a composite number?
True
Let v be -3*133/(-63) - 4/(-6). Suppose -5*z = -5*g + 16775, 6*g - v*g + 3351 = z. Is g composite?
True
Let j be -1*0/(3 - 1). Let k(w) = w**3 - w**2 - 1. Let a(f) = 6*f**3 - 5*f**2 + f + 290. Let y(s) = a(s) - 5*k(s). Is y(j) a prime number?
False
Let z be (-18)/(-30) + 186*(-33)/30. Is z/340 + (-2633)/(-5) composite?
True
Suppose -3*b + 4 + 2 = 0. Suppose -d = -0*d + m - 16493, m + 32986 = b*d. Is d composite?
False
Suppose -15*v + 97 = 97. Suppose v = 12*a - 225792 - 217812. Is a a composite number?
True
Let c = 12 + -36. Let k(a) = a - 24 + 29 + 36 + 14. Is k(c) a prime number?
True
Let g(x) = 1026186*x**2 + 656*x + 655. Is g(-1) a prime number?
False
Let k(d) = -2*d**2 + 3*d + 29. Let z be k(-4). Is (11216/(-24))/(-1*(-2)/z) prime?
False
Let y = -19 + 24. Suppose -5*w - 2885 = y*u, 0*u - 3*w + 1731 = -3*u. Let d = u + 1212. Is d a composite number?
True
Is 20/(-24) + 3679908/72 prime?
True
Suppose 19*k = 7*k + 1164. Suppose 193 = 2*t + 5*s, -2*t + 3*t = -3*s + k. Suppose 3*y + i = 1655, y - 5*i - 447 = t. Is y a composite number?
True
Let h = -4935 + 3440. Let b be 1/(-2) + h/(-2). Suppose 5*i - 268 = b. Is i a prime number?
False
Let m = -26245 - -48324. Is m a prime number?
True
Let x(j) = 1991*j**2 + 30*j - 76. Is x(3) a prime number?
False
Let h(g) = -2*g**2 + 2*g + 22. Let t be h(0). Suppose -2*p = 26 + t. Is (298/p)/(7/21)*-20 prime?
False
Suppose -75*f - a = -70*f - 2305338, 3*f + 2*a = 1383193. Is f prime?
False
Suppose 5*u = 4*t - 12, 0*u - 2*u + 9 = 3*t. Suppose 0 = k + 1, t*m - 2*k - k - 18 = 0. Suppose 0 = -m*l + 327 + 1188. Is l a composite number?
True
Suppose 9*a + a = -59*a + 7656861. Is a prime?
True
Let d = -9208 - -13165. Suppose -47333 = -10*h + d. Is h a prime number?
False
Suppose 39237 = 129*j + 738868 - 11261764. Is j prime?
False
Let x = 25 + -20. Suppose -x*m + 2 = -4*m. Suppose 1211 = m*b + 5*w, b = 2*w + 3*w + 628. Is b a prime number?
True
Let w = 264110 - 148548. Is w a composite number?
True
Suppose -17*y + 19*y = 4. Let v(o) = 3*o**2 + 11 + 9*o + 0*o**3 - 9*o**2 - 3*o**y + 6*o**3. Is v(8) a prime number?
True
Is 2595239/203*(-14)/(-2) prime?
True
Let p(q) = -q**3 - 7*q**2 - 6*q + 7. Let k(v) = -v - 8. Let z(w) = 2*w**3 - w**2 - w. Let l be z(-1). Let s be k(l). I